 + 1. What is h(j)?
5
Let j(w) = 5*w + 27. Let h = 220 + -226. Determine j(h).
-3
Let a(k) = k + 21. Let w(f) be the first derivative of -f**2 + 16*f + 4. Let v be w(7). Suppose 0 = 5*i - o + 6*o + 10, -v = -2*i + o. What is a(i)?
21
Let z(k) = -83*k**3 - k**2 - k - 1. Let l be (-7)/(-1) + (14 + 58)/(-9). Give z(l).
82
Suppose -6*n = -3*n. Let u(s) be the third derivative of -s**6/720 + s**5/15 + s**4/12 - 31*s**2. Let h(g) be the second derivative of u(g). Give h(n).
8
Let a(d) = -13*d**2 - 32*d - 4. Let j(k) = -9*k**2 - 28*k - 3. Let b(v) = 2*a(v) - 3*j(v). Give b(-9).
-98
Let v(d) be the third derivative of -d**6/120 - 2*d**5/15 + d**4/8 + 5*d**3/6 + 199*d**2. Give v(-7).
-65
Let c be (-56)/8*(-14)/49. Let v(q) = -2*q**3 + 5*q - 1. What is v(c)?
-7
Let j(t) = t**3 + 21*t**2 + t - 6. Suppose -9*v + 7*v - 4*r - 30 = 0, -r = 5*v + 102. Calculate j(v).
-27
Let o(b) = -2*b. Let j(s) = -2*s. Let q(i) = 2*j(i) - 3*o(i). Suppose 21*k - 70*k = 53*k + 102. Give q(k).
-2
Let m(i) be the third derivative of -7*i**4/12 - 7*i**3/6 + i**2 + i + 24. What is m(-1)?
7
Let a(s) = 25*s**3 + 32*s**2 - 5*s - 17. Let j(c) = 11*c**3 + 15*c**2 - 3*c - 8. Let z(h) = 3*a(h) - 7*j(h). Calculate z(-5).
0
Let m(z) = z + 8. Let i be m(-7). Let k(s) = 48*s + 76*s + 50*s + 50*s + 2 + 43*s - 262*s. Calculate k(i).
7
Let v(a) be the third derivative of -a**6/120 + a**5/60 - a**4/12 + a**3/6 + a**2. Let q(c) = -2*c**3 - 17*c**2 + 233*c - 110. Let u be q(7). What is v(u)?
-7
Suppose 2*k + 2*a = -2 + 130, 3*a - 133 = -2*k. Let q = k - 56. Let w be 5/(-5) - -8 - (q + 0). Let c(s) = s**2 - 5*s - 4. Calculate c(w).
-8
Suppose -46*a + 52 = 6*a. Let s(h) = -615*h + 6 + 4*h**2 + 617*h - a - h**2. Calculate s(-3).
26
Suppose -5*y = 3*q - 4*q + 3, -2*y = -q + 3. Suppose -3*w + 13 = -a, -a - 5*w + q*w + 12 = 0. Let k(z) = 7 - 3*z - a*z + 6*z. Calculate k(-7).
0
Let j(k) = -3*k + 243 - 13*k + 80. Determine j(20).
3
Suppose -3*i = -4*w - 14, -18 = 2*i + w - 20. Let c(o) be the first derivative of -8*o**3/3 - o**2/2 + 2*o + 3. What is c(i)?
-32
Let g(d) be the third derivative of 1/24*d**4 - 1/60*d**6 + 1/3*d**3 + 0*d - 28 - 2*d**2 + 0*d**5. Calculate g(2).
-12
Let v = 18 - 13. Let z(h) be the third derivative of -5/6*h**3 + 1/12*h**5 - 5 + 0*h + 1/24*h**4 + 2*h**2 - 1/120*h**6. What is z(v)?
0
Let q(o) = 31*o + 20*o - 39 + 29*o - 81*o. Calculate q(-37).
-2
Let y(m) = m**2 - 4*m + 4. Let o be y(3). Let a(g) = 16*g**2 - 5*g**2 + o + 8*g - 12*g**2. Suppose -9 = 3*x - 33. Determine a(x).
1
Let c(b) = b - 1. Let s(l) = -5*l - 6. Let w(f) = -4*c(f) - s(f). Suppose 14 + 337 = -39*t. Give w(t).
1
Suppose -41*r - 184 = -133*r. Let g(b) be the first derivative of b**3/3 + b**2 + 2*b + 6. Let k(y) be the first derivative of g(y). Give k(r).
6
Let m(w) = 175*w - 36. Let l(o) = 31*o - 6. Let u(t) = 34*l(t) - 6*m(t). What is u(-8)?
-20
Let n(l) = 9*l**2 + 2*l + 1. Suppose -o + 4 = -26. Let j be (1/3)/((-5)/o*2). Calculate n(j).
8
Let s(a) be the third derivative of -a**4/24 + 303*a**2. Let z(d) = d**3 + 8*d**2 + 6*d - 3. Let u be z(-7). Give s(u).
-4
Let s(b) be the third derivative of -b**4/24 - 7*b**3/6 + b**2. Suppose 0 = 2*c - 5*a - 10 - 0, -2*a = c - 5. Suppose c*v - 25 + 0 = 0. Calculate s(v).
-12
Let w be (-6)/12*72/2. Let x = w + 20. Let h(z) = -z**3 - 3 - 7*z**x + 9 + 7*z**3 - 7*z**3. Determine h(-7).
6
Let m be ((-29)/116)/((-2)/16). Let b = -1 + 5. Suppose 5*s - 17 + 52 = 5*j, -m*j - b*s = -20. Let t(g) = g**3 - 7*g**2 - 7*g - 7. Give t(j).
1
Let p(u) = 2*u**2 - 5. Suppose -50*x + 24*x = -32*x + 12. What is p(x)?
3
Suppose -5*z - f = -2407, -74*z + 70*z = f - 1925. Let r(y) = -3*y + z*y**2 + 11*y - 484*y**2 - 3 - 2. Give r(6).
-29
Let a(f) = -f**2 - 2*f + 8. Let b(u) = 11*u**2 + 52*u - 258. Let w(l) = 10*a(l) + b(l). Give w(-37).
7
Let p(q) = -10*q - 60. Let v(d) = -6*d - 33. Let f(o) = 4*p(o) - 7*v(o). What is f(11)?
13
Let d(i) = 7*i**2 + 11*i + 19. Let f(w) = -15*w**2 - 21*w - 38. Let m(t) = 13*d(t) + 6*f(t). Suppose a - 6 = 0, -4*b - 3*a - 141 + 99 = 0. Give m(b).
-11
Let z be (10/(-165) - (-535)/660)*12. Let v(r) = r**3 - 10*r**2 + 10*r - 17. What is v(z)?
-8
Suppose d = 3, 3*a - d - 42 = -4*d. Let n(f) = 32*f - 13*f - 13*f + 3 - a*f. Determine n(2).
-7
Let y(o) = 149*o - 440. Let s be y(3). Let n(x) = -6*x + 14. Determine n(s).
-28
Let s(t) = -3*t**3 - 24*t**2 - 11*t - 7. Let k = -58 - -59. Let b(m) = 0*m**2 + 4*m - 8*m - 1 - m**3 - 8*m**2 - k. Let n(f) = 11*b(f) - 4*s(f). What is n(-8)?
6
Let r(y) = -13*y + 35. Let w be (-7)/(-24 + 48 + -23). Calculate r(w).
126
Let n(f) = -f**3 - 4*f**2 - 3*f - 5. Suppose -5*z = -5*c - 2 - 33, 0 = 2*c + 3*z - 11. Let d be 1 - (c + 1)*(1 - 2). Let r be -5 + 1/(d + 1). Give n(r).
7
Let f(l) = -11*l**2 + 6*l + 14. Let g(t) = 5*t**2 - 3*t - 7. Suppose 8 = -u - 5. Let x(m) = u*g(m) - 6*f(m). Let j = 23928 + -23934. Calculate x(j).
25
Let v(u) = 20*u**2 + 4*u - 2. Suppose 4*b = b + 6. Let q be v(b). Suppose q + 19 = -21*d. Let g(t) = t**2 + 8*t + 3. Give g(d).
-12
Suppose 0 = -4*a - z + 22, 20 = 2*a - 18*z + 20*z. Let n(f) be the second derivative of 1/2*f**2 - 1/12*f**a + 0 + 1/6*f**3 - 4/5*f**5 - 7*f. Determine n(-1).
15
Let r(n) be the first derivative of n**4/4 - n**3 + 3*n**2/2 + 1. Let p be -2*(15 - 10) - -12. Determine r(p).
2
Let g be 37/(-6) + 5 + (10 - 8). Let s(d) be the second derivative of -1/12*d**4 - g*d**3 + 0 - 7/2*d**2 - 5*d. Give s(-5).
-7
Let y = 550 - -418. Suppose -y = -5*h - 978. Let n(b) = b**2 + b + 2. Determine n(h).
4
Let i(q) = -q**2 + 9*q - 3. Let p(j) = 9*j + 60. Let h(r) = -r**3 + 7*r**2 + 10*r + 28. Let t be h(-5). Suppose l = -t + 272. Let g be p(l). Calculate i(g).
15
Let g = -30 - -35. Let h(s) = 12*s - 5. Let t(f) = -10*f + 4. Let u(l) = g*t(l) + 4*h(l). What is u(8)?
-16
Let u be (2/(-6))/(4/(-24)). Suppose -u*o + 461 = 5*c, -4*c + 0*c = 5*o - 379. Let g(q) = -3*q**2 - c + q + 2*q + 89. Give g(2).
-8
Suppose 60*a + 12*a + 432 = 0. Let l(p) = -p - 12. Give l(a).
-6
Let k(l) = 2*l**2 + 7*l - 1. Let b = -16565 + 16571. Calculate k(b).
113
Suppose 22*y + w + 6 = 21*y, -2*y + 7*w + 24 = 0. Let g(k) = 21*k - 12. Determine g(y).
-54
Let w be 5*(-4 + 52/10). Let i(o) be the third derivative of -o**5/60 + o**4/24 + 4*o**3/3 + 52*o**2 + 2*o. Calculate i(w).
-22
Let q be -10 - (-156)/15 - (-459)/15. Suppose 5*i - q*i = 156. Let d(o) = 3*o + 2. What is d(i)?
-16
Let a(l) = -2*l**2 - 31*l - 28. Let f be -1 + -4 - (-4 + 4 + 9). What is a(f)?
14
Let s be 3220/184 - (2/4)/(-1). Let z(a) = s + 5*a - 4*a**2 - 8 - 13 + a**3. What is z(3)?
3
Let p = 1 - 0. Let y(n) be the third derivative of 5*n**4/8 + 11*n**3/6 + 30*n**2 + n. Let h(z) = -29*z - 24. Let k(s) = 6*h(s) + 13*y(s). What is k(p)?
20
Let d(b) = -6*b**2 + 13*b - 34. Let s(i) = 11*i**2 - 27*i + 73. Let j(a) = -5*d(a) - 2*s(a). What is j(2)?
34
Let t(a) = a**2 + 8*a - 29. Let s be -22*(-3 - 14/(-4)). Let h be t(s). Let r(b) = -b**2 + 4*b + 2. Calculate r(h).
2
Let b(o) = -o**3 + 3*o**2 - 3*o. Suppose 21*d = 16*d + 20. Suppose 5*w - w = -3*u - 219, 4*w = d*u + 320. Let h = 79 + u. What is b(h)?
-2
Let u(c) be the third derivative of -5/6*c**3 + 0 + 0*c - 22*c**2 + 1/12*c**4. Give u(4).
3
Let w(p) = -23*p - 46. Let o(v) = -16*v - 40. Let c(a) = 3*o(a) - 2*w(a). What is c(17)?
-62
Let f(r) be the first derivative of -r**2 + 38*r - 2700. Give f(10).
18
Let j(v) be the second derivative of 13*v + 0*v**3 + 0 + 1/720*v**6 + 1/3*v**4 + 1/24*v**5 + 0*v**2. Let p(q) be the third derivative of j(q). Calculate p(-8).
-3
Let l(a) = 133*a + 18. Let r(m) = -242*m - 35. Let b(u) = 11*l(u) + 6*r(u). Give b(2).
10
Suppose -136 = -5*g - 71. Let n(m) = -m**3 - 3*m**2. Let b(v) = 2*v**3 - 9*v**2 - 14*v + 13. Let i(q) = b(q) + n(q). What is i(g)?
0
Let k(l) = 11*l + 4. Let t(o) = 2*o**2 - 216*o + 2124. Let q be t(11). What is k(q)?
-106
Let s(b) = b**2 + 8*b + 1. Let x(y) = 1. Let r be (5 + 22/(-4))*-6. Let h(f) = r*x(f) + s(f). What is h(-5)?
-11
Let h = 78687 - 78683. Let n(c) = 3*c**3 - 2*c + 5. Let g(k) = -k**3 + k**2. Let r(p) = 4*g(p) + n(p). Give r(h).
-3
Let y(s) = -24*s + 530779 + 34*s - 530853. Calculate y(11).
36
Let m(j) = 2*j + 13. Let k be m(6). Let v = k + -2. Let s(d) = 17 + d - v - 3*d. Give s(-7).
8
Let s(x) = x**3 - 8*x**2 + 2*x - 1. Let p = -41 - -40. Let h be (p/4)/(6/(-192)). 